{"id":4400,"date":"2021-10-12T15:51:09","date_gmt":"2021-10-12T15:51:09","guid":{"rendered":"http:\/\/dummy.xtemos.com\/woodmart2\/elementor\/?page_id=4400"},"modified":"2022-01-24T09:50:40","modified_gmt":"2022-01-24T09:50:40","slug":"hakkimizda","status":"publish","type":"page","link":"https:\/\/nobeljewelry.com.tr\/?page_id=4400","title":{"rendered":"Hakk\u0131m\u0131zda"},"content":{"rendered":"\t\t<div data-elementor-type=\"wp-page\" data-elementor-id=\"4400\" class=\"elementor elementor-4400\" data-elementor-settings=\"[]\">\n\t\t\t\t\t\t\t<div class=\"elementor-section-wrap\">\n\t\t\t\t\t\t\t<section class=\"elementor-section elementor-top-section elementor-element elementor-element-3c548bca elementor-reverse-tablet elementor-reverse-mobile elementor-section-boxed elementor-section-height-default elementor-section-height-default wd-section-disabled\" data-id=\"3c548bca\" data-element_type=\"section\">\n\t\t\t\t\t\t<div class=\"elementor-container elementor-column-gap-default\">\n\t\t\t\t\t<div class=\"elementor-column elementor-col-50 elementor-top-column elementor-element elementor-element-1d354ed7\" data-id=\"1d354ed7\" data-element_type=\"column\">\n\t\t\t<div class=\"elementor-widget-wrap elementor-element-populated\">\n\t\t\t\t\t\t\t\t<div class=\"elementor-element elementor-element-3b8f1c6 elementor-widget elementor-widget-wd_image_or_svg\" data-id=\"3b8f1c6\" data-element_type=\"widget\" data-widget_type=\"wd_image_or_svg.default\">\n\t\t\t\t<div class=\"elementor-widget-container\">\n\t\t\t\n\t\t<div class=\"wd-image text-center\">\n\t\t\t\t\t\t\t\t<img loading=\"lazy\" decoding=\"async\" width=\"1000\" height=\"669\" src=\"https:\/\/nobeljewelry.com.tr\/wp-content\/uploads\/2022\/01\/nobel-bg.jpg\" class=\"attachment-full size-full\" alt=\"\" srcset=\"https:\/\/nobeljewelry.com.tr\/wp-content\/uploads\/2022\/01\/nobel-bg.jpg 1000w, https:\/\/nobeljewelry.com.tr\/wp-content\/uploads\/2022\/01\/nobel-bg-400x268.jpg 400w, https:\/\/nobeljewelry.com.tr\/wp-content\/uploads\/2022\/01\/nobel-bg-768x514.jpg 768w, https:\/\/nobeljewelry.com.tr\/wp-content\/uploads\/2022\/01\/nobel-bg-860x575.jpg 860w, https:\/\/nobeljewelry.com.tr\/wp-content\/uploads\/2022\/01\/nobel-bg-430x288.jpg 430w, https:\/\/nobeljewelry.com.tr\/wp-content\/uploads\/2022\/01\/nobel-bg-700x468.jpg 700w, https:\/\/nobeljewelry.com.tr\/wp-content\/uploads\/2022\/01\/nobel-bg-150x100.jpg 150w\" sizes=\"auto, (max-width: 1000px) 100vw, 1000px\" \/>\t\t\t\t\t<\/div>\n\n\t\t\t\t<\/div>\n\t\t\t\t<\/div>\n\t\t\t\t\t<\/div>\n\t\t<\/div>\n\t\t\t\t<div class=\"elementor-column elementor-col-50 elementor-top-column elementor-element elementor-element-7a9daa7\" data-id=\"7a9daa7\" data-element_type=\"column\">\n\t\t\t<div class=\"elementor-widget-wrap elementor-element-populated\">\n\t\t\t\t\t\t\t\t<div class=\"elementor-element elementor-element-cf34ae6 elementor-widget elementor-widget-wd_text_block\" data-id=\"cf34ae6\" data-element_type=\"widget\" data-widget_type=\"wd_text_block.default\">\n\t\t\t\t<div class=\"elementor-widget-container\">\n\t\t\t\t\t\t<link rel=\"stylesheet\" id=\"wd-text-block-css\" href=\"https:\/\/nobeljewelry.com.tr\/wp-content\/themes\/webcozum\/css\/parts\/el-text-block.min.css?ver=6.2.4\" type=\"text\/css\" media=\"all\" \/> \t\t\t\t\t<div class=\"wd-text-block reset-last-child text-left\">\n\t\t\t\n\t\t\t<p>Nobel Jewelry kuyum sekt\u00f6r\u00fcnde kalite ve zengin \u00e7e\u015fitlilik ihtiya\u00e7lar\u0131n\u0131 \u00f6zg\u00fcn ve trend tasar\u0131mlarla kar\u015f\u0131lamak \u00fczere kurulmu\u015ftur.<\/p><p>Bu\u00a0do\u011frultuda ilerlememize katk\u0131 sunan, deneyimli ve geli\u015fime a\u00e7\u0131k ekip arkada\u015flar\u0131m\u0131z en b\u00fcy\u00fck sermayemizdir.<\/p><p>Kalite y\u00f6netimi konusunda disiplinli \u00e7al\u0131\u015fan firmam\u0131z, bu konuda taviz vermemektedir. Empati, \u00fcr\u00fcn de\u011ferlendirme felsefemizde en \u00f6nemli kriterdir. Her bir \u00fcr\u00fcn\u00fc kendimiz sat\u0131n alacakm\u0131\u015f gibi \u00fcretmek i\u015fimizi kolayla\u015ft\u0131rmaktad\u0131r.<\/p><p>\u00dcr\u00fcnlerimiz, farkl\u0131 sat\u0131\u015f kanallar\u0131yla \u00fclkemizde ve yurt d\u0131\u015f\u0131nda bir\u00e7ok sat\u0131\u015f noktas\u0131nda be\u011feni toplamaya devam etmektedir. Buradan yola \u00e7\u0131karak \u00fcr\u00fcnlerimizi sizlere daha kolay ula\u015ft\u0131rabilmek i\u00e7in <strong><a href=\"https:\/\/jewelrynobel.com\">jewelrynobel.com<\/a><\/strong> web sitemizi kurduk. Ara\u015ft\u0131rma ve geli\u015ftirme konusunda faal olan firmam\u0131z, e-ticaret alan\u0131nda da vizyoner bak\u0131\u015f\u0131n\u0131 devam ettirecektir.<\/p>\n\t\t\t\t\t<\/div>\n\t\t\t\t<\/div>\n\t\t\t\t<\/div>\n\t\t\t\t\t<\/div>\n\t\t<\/div>\n\t\t\t\t\t\t\t<\/div>\n\t\t<\/section>\n\t\t\t\t\t\t<\/div>\n\t\t\t\t\t<\/div>\n\t\t","protected":false},"excerpt":{"rendered":"<p>Nobel Jewelry kuyum sekt\u00f6r\u00fcnde kalite ve zengin \u00e7e\u015fitlilik ihtiya\u00e7lar\u0131n\u0131 \u00f6zg\u00fcn ve trend tasar\u0131mlarla kar\u015f\u0131lamak \u00fczere kurulmu\u015ftur. Bu\u00a0do\u011frultuda ilerlememize katk\u0131 sunan,<\/p>\n","protected":false},"author":1,"featured_media":0,"parent":0,"menu_order":0,"comment_status":"closed","ping_status":"closed","template":"","meta":{"footnotes":""},"class_list":["post-4400","page","type-page","status-publish","hentry"],"_links":{"self":[{"href":"https:\/\/nobeljewelry.com.tr\/index.php?rest_route=\/wp\/v2\/pages\/4400","targetHints":{"allow":["GET"]}}],"collection":[{"href":"https:\/\/nobeljewelry.com.tr\/index.php?rest_route=\/wp\/v2\/pages"}],"about":[{"href":"https:\/\/nobeljewelry.com.tr\/index.php?rest_route=\/wp\/v2\/types\/page"}],"author":[{"embeddable":true,"href":"https:\/\/nobeljewelry.com.tr\/index.php?rest_route=\/wp\/v2\/users\/1"}],"replies":[{"embeddable":true,"href":"https:\/\/nobeljewelry.com.tr\/index.php?rest_route=%2Fwp%2Fv2%2Fcomments&post=4400"}],"version-history":[{"count":28,"href":"https:\/\/nobeljewelry.com.tr\/index.php?rest_route=\/wp\/v2\/pages\/4400\/revisions"}],"predecessor-version":[{"id":8708,"href":"https:\/\/nobeljewelry.com.tr\/index.php?rest_route=\/wp\/v2\/pages\/4400\/revisions\/8708"}],"wp:attachment":[{"href":"https:\/\/nobeljewelry.com.tr\/index.php?rest_route=%2Fwp%2Fv2%2Fmedia&parent=4400"}],"curies":[{"name":"wp","href":"https:\/\/api.w.org\/{rel}","templated":true}]}}